 186*k - 46*k = 1337112. Calculate the greatest common factor of k and 84.
21
Suppose c - 42*j - 45 = -40*j, 5*j = -3*c + 190. What is the greatest common factor of 2255 and c?
55
Suppose 6 = -525*n + 522*n. Let k be n/(-5) - 64870/(-325). What is the greatest common factor of 8 and k?
8
Let x be (8 - (-220)/(-33))*30765/14. What is the highest common factor of x and 10?
10
Let f = 828 - 300. Suppose -15*s - f = -18*s. Let w(x) = 2*x**2 + 8*x + 6. Let a be w(-5). What is the highest common divisor of s and a?
16
Let g(p) = 8*p + 24. Let s be g(0). Suppose 0 = 34*k + 20*k - 3456. What is the greatest common factor of s and k?
8
Suppose 12*n + 340 = 16*n. Let z(m) = -40*m - 150. Let o be z(-4). Calculate the greatest common factor of n and o.
5
Suppose 4*s + 5*m = 365 - 35, 0 = -4*s + 2*m + 316. What is the highest common divisor of s and 640?
80
Suppose -376*n + 380 = -380*n. Let s = -65 - n. What is the highest common factor of 480 and s?
30
Suppose 12*c - 7*c - 21 = -2*p, 64 = 5*p + c. What is the greatest common factor of p and 676?
13
Suppose 3*l - 2*l = 5*k + 1582, -2*k = 2*l + 628. Let a = 471 + k. What is the highest common factor of 5 and a?
5
Let j be (-195)/52*284*(-3)/5. What is the greatest common factor of 18 and j?
9
Let c be (-8)/14 + 354/7. Let n(u) = u**2 + 8*u - 28. Let z be n(8). What is the greatest common factor of z and c?
50
Suppose 4*u = -3*h - 335, -2*u + 2*h = -h + 145. Let d be ((-54)/8)/(15/u). What is the highest common divisor of d and 9?
9
Let h(c) = -c**2 - 8*c + 11. Let v be h(0). Suppose v + 9 = 5*q. What is the highest common factor of 2 and q?
2
Suppose 0 = -5*a, 0 = 4*j + 65*a - 69*a - 16. What is the highest common divisor of 4516 and j?
4
Let r = -24066 - -24354. What is the highest common divisor of 108 and r?
36
Let h(p) = p**3 - 49*p**2 + 146*p + 46. Let k be h(47). What is the highest common factor of 330 and k?
30
Let p(y) = -2*y - 92. Let c(k) = -k - 31. Let f(i) = -7*c(i) + 2*p(i). Let s be f(-10). Let a = s - -36. Calculate the highest common factor of 3 and a.
3
Suppose z - 5*s + s - 49 = 0, 5*z - 2*s - 299 = 0. Calculate the greatest common factor of 2 and z.
1
Suppose -r + 643 = 2*y, -96*y = 2*r - 93*y - 1282. What is the greatest common factor of 5 and r?
5
Let o be (-419)/(-1) + (-215)/43 + 14 + -3. Suppose 3*p + 253 = 5*d, 151 = 6*d - 3*d - p. What is the greatest common factor of d and o?
25
Let q(d) = -14*d**2 - 456*d - 26. Let i be q(-22). What is the highest common factor of i and 170?
170
Suppose -4*q + 3*v + 610 = 4*v, 2*v + 769 = 5*q. Suppose -113 + q = 2*n. What is the highest common divisor of 110 and n?
10
Suppose 3*j - 4221 = -3*n, 5*j = 70*n - 72*n + 2808. Let s = 1424 - n. Let l be (8/6)/(2/45). Calculate the greatest common factor of l and s.
15
Let x(v) = 47*v + 6. Let p be x(6). Let o be (4 - (-25 + 3)) + 66/110*10. Calculate the highest common factor of p and o.
32
Let c be 120*(2/(-10) - 276/(-60)). Calculate the greatest common factor of 384 and c.
48
Suppose -22*a - 31*a = -6*a - 4512. Calculate the greatest common divisor of 720 and a.
48
Let k = -1024 - -1444. Suppose -8*x + 12 - k = 0. Let g = x - -69. Calculate the highest common factor of g and 9.
9
Suppose 3*u = -5*k + 16, -u + 4*k = -5*u + 16. Suppose -u*p - 4*p = -3012. Suppose 146 = 18*n - p. What is the greatest common factor of 90 and n?
18
Let v = 11802 + -11546. Calculate the highest common divisor of 944 and v.
16
Let k(u) = -6*u - 5. Let d be k(-2). Suppose 0 = d*w - 82 - 2. Let p = 30 - w. Calculate the greatest common factor of 90 and p.
18
Let i = -133 - -152. Suppose b - 17 = i. Calculate the greatest common divisor of 198 and b.
18
Suppose 5*m = 0, 5*k - 57*m - 10 = -54*m. Suppose -33 = -5*a + 3*s, 0 = 5*a - s - 47 + 6. Let o = 14 - a. Calculate the highest common factor of o and k.
1
Let l be (-5 - (-7 + (-4)/(-4)))*5. Let f(x) = 3*x**3 - x - 2 - 5*x**2 + 0*x - 9*x. Let k be f(l). Calculate the highest common divisor of k and 18.
18
Let w(y) = y**2 + 4*y + 9. Let k(s) = -4*s + 1. Let j be k(1). Let g be w(j). Suppose 51 + 807 = g*r. What is the greatest common factor of r and 13?
13
Let g = -996 - -572. Let l = g - -463. Calculate the highest common factor of l and 208.
13
Suppose -88*r - 1663 = -5623. What is the highest common factor of 2385 and r?
45
Let z(k) = -1151*k + 135. Let q be z(-11). Calculate the greatest common factor of q and 28.
28
Let o be 18/4*(-27811164)/(-9045) - (-4)/(-10). Calculate the greatest common divisor of o and 12.
12
Suppose -75*k + 454 = -2065 - 781. Calculate the highest common factor of 2156 and k.
44
Let x = -870 - -883. Calculate the greatest common divisor of x and 16081.
13
Suppose 0 = 2*i + 3*z - 13 - 176, -2*z + 10 = 0. Calculate the highest common factor of 1189 and i.
29
Let v(q) be the first derivative of q**4/4 + 3*q**3 - 27*q**2/2 - 25*q + 7. Let s be v(-11). Calculate the greatest common divisor of s and 20.
10
Suppose -901745 + 160467 - 43122 = -16*x. Calculate the greatest common divisor of 53 and x.
53
Let l = -883 + 1086. Calculate the greatest common divisor of l and 522.
29
Suppose 598 + 1147 = f. Suppose 4*v = 2*u + 1075 + 323, -3*u = -5*v + f. What is the greatest common factor of 22 and v?
22
Let c(a) = 2*a**2 + 180*a + 497. Let q be c(-90). Let f be (72 - 4) + (3 - 0). Calculate the highest common factor of q and f.
71
Let t = -221 + 238. Suppose -2*k + 5*k - 4*d - t = 0, -4*k - 5*d + 2 = 0. What is the greatest common divisor of k and 11?
1
Let d = -727 + 730. Suppose 0 = -3*w - d*u + 303, 7*u + 8 = 5*u. Calculate the greatest common factor of w and 120.
15
Let o = -418 + 472. Calculate the highest common divisor of o and 144.
18
Let f = 247 - 213. Suppose -f*a + 37*a = 120. What is the highest common factor of 8 and a?
8
Suppose -2*c + 106 = -4*i, -2*c + 5*i = 3*i - 96. What is the highest common factor of c and 215?
43
Suppose 5*i = 2*y - 7712, -5*y - 5*i + 22923 = 3643. What is the highest common divisor of 24 and y?
8
Suppose -15*o + 82 - 7 = 0. Suppose 2*f - 2*q = 12, o*f - 10*f + 22 = 3*q. Calculate the highest common factor of 115 and f.
5
Let c be 5/5 + (-128)/(-2). Let m be (-55)/(10*(-6)/(-30) - 27/13). What is the highest common factor of c and m?
65
Let b be (-9591)/278*(-304)/3. Calculate the greatest common factor of b and 368.
184
Let u(g) = g**3 + 9*g**2 + 8*g - 37. Let l be u(-7). Suppose -2*o - l*m + 11 = 24, 0 = -m - 5. What is the highest common divisor of o and 96?
6
Let t = 15342 + -13660. Calculate the highest common factor of 174 and t.
58
Let h = -16949 + 51347. What is the highest common divisor of 117 and h?
117
Suppose -2*m + 236 = 4*d, 310*d = 311*d + 2. What is the greatest common divisor of m and 24888?
122
Let v be 2*2/(-5)*320/128 - -3170. What is the highest common factor of 90 and v?
18
Let j = 19 - 12. Suppose -14*x + 2281 = 69. Suppose x + 10 = j*l. Calculate the greatest common factor of l and 16.
8
Suppose -195 = -a + 120. Let u(g) = 10193*g - 91674. Let p be u(9). What is the greatest common factor of a and p?
63
Let c be (-418)/(-8) + 13/(-52). Let q be (-864)/60*(-10)/(-3). Let t = q + c. Calculate the highest common factor of t and 52.
4
Suppose -5*s = -8*z - 55, -8*s + 12*s - 2 = -2*z. What is the greatest common divisor of 57 and s?
3
Suppose 43*x - 38*x = 4*f - 16, 5*x = -f + 4. Suppose x = -v + 670 - 450. What is the highest common divisor of v and 44?
44
Suppose -5*s + 1551 = r - 2, 0 = -4*r + 5*s + 6187. Suppose -638 = 10*i - r. Calculate the highest common factor of i and 637.
91
Suppose 1128 = 3*x + 5*j, 0 = x + 26*j - 27*j - 360. What is the highest common factor of x and 17385?
183
Suppose 2*j = -8*j + 90. Suppose -42 = -16*f + j*f. What is the greatest common divisor of f and 66?
6
Suppose -3*s = -0*s - 810. Let a(n) = -n**3 - 36*n**2 + 322*n - 87. Let r be a(7). Calculate the highest common divisor of s and r.
30
Let w be 16/(-1) + (21 - -238). What is the highest common divisor of w and 450?
9
Let o(x) = -23*x**2 - 229*x - 284. Let w be o(-8). Let j(t) = -t**3 - 6*t**2 - t + 6. Let p be j(-6). What is the greatest common factor of p and w?
4
Suppose -2886 = -84*w - 450. Calculate the highest common factor of 667 and w.
29
Suppose 3*g + 4*s = 3, -3*g + 18 = -2*s - 3. What is the highest 